 k be (0 - -1)/(6/774). What is the tens digit of 1 + (k + 5 - 0)?
3
Let f be ((-4)/10)/(1/(-10)). Suppose 9*i + 2*k - 176 = f*i, 4*k - 148 = -4*i. What is the tens digit of i?
3
Let d be 8 + 1 - (0 + 4). Suppose r - d + 0 = 0. Suppose r*u + 4 = 24. What is the units digit of u?
4
Let r be (9/(-12))/(7/(-2044)). Suppose 5*x - 3*k = 230, 35 = -4*x - 3*k + r. What is the tens digit of x?
4
Let a(n) = 7*n**3 - 2*n**2 + 10. What is the hundreds digit of a(3)?
1
Let n(o) = -o**3 + 15*o**2 + 14*o + 18. Let m be n(16). Suppose 2*g = -3*h + g - 13, 16 = -4*h - g. What is the units digit of (-11)/h + m/21?
3
Let b(a) = 21*a**2 - 13*a - 4. What is the tens digit of b(-2)?
0
Suppose -r - 3*r - n = -16, -30 = -2*r + 5*n. Suppose -32 = r*w - 147. Let j = w - 16. What is the units digit of j?
7
Suppose -5*p + i + 7 = -9, 5*p = -3*i + 32. Let k(f) = 8*f + f + 0*f + f + 1. What is the tens digit of k(p)?
4
Suppose 0 = -3*l - 3 + 9. Suppose -l*j - 165 = -d, 2*d - 310 = 4*j - 5*j. What is the units digit of d?
7
Let c = -426 + 614. What is the tens digit of c?
8
Suppose 76 = 3*o + 5*x - 41, 2*o + 5*x = 73. What is the tens digit of o?
4
Let q = 0 - -1. Let t be q + 1 + -8 + 11. Suppose -2*b = 3*n - 104, -t*b + 64 = 2*n - b. What is the tens digit of n?
3
Let b(w) = 9*w - 32. Let m be b(14). Suppose -3*y - 3*k = -111, 2*y - 4*y + 2*k = -m. What is the tens digit of y?
4
Suppose 0 = -32*l + 26*l - 5172. What is the tens digit of 1 + (-8)/12 + l/(-6)?
4
Suppose 320*y = 321*y - 516. What is the units digit of y?
6
Suppose 0 = 5*w - u - 2 - 7, -3*w = 2*u - 8. Let f be 8 - w*3/6. Suppose f*p + 66 = 10*p. What is the units digit of p?
2
Let f = 2045 + -1119. Suppose -f - 762 = -8*c. What is the tens digit of c?
1
Let t be (-1)/(-3)*324/9. Let z be (-15)/2*(-40)/6. Suppose -t*s + z = -10*s. What is the tens digit of s?
2
What is the hundreds digit of -1 + 2 - (15 - (15 - -974))?
9
Let u(b) = b**3 + b**2 - b - 26. Let m be u(0). Let x = m + 47. Let d = x - 15. What is the units digit of d?
6
Let p = 6 - 4. Suppose 0 = -2*r - p*r. Suppose 7 = -r*l + l. What is the units digit of l?
7
Let z(h) = h**2 - 7*h + 6. Let v be z(4). Let y = v + 6. Let c = y + 25. What is the units digit of c?
5
Suppose 2368 = 2*l + 2*y + 676, 3*y + 3 = 0. What is the units digit of l?
7
Let a be 106*4/(-8) + 0 + 1. What is the tens digit of a/(-2) - (20/(-5) + 5)?
2
Suppose 5*d = -4*h + 821, 0*d + 3*d + 405 = 2*h. Suppose 6*g + h = 12*g. What is the tens digit of g?
3
Suppose j = 4*d - 3, -3 = 4*d + 3*j - 2*j. Suppose d = 3*p + 3 - 6. Let o(l) = 33*l - 1. What is the units digit of o(p)?
2
Let q(t) = 0*t - 3 - 1 + t. Let j be q(4). Suppose j = -4*v + b + 43, 0*v + b = -v + 17. What is the units digit of v?
2
Suppose -7 - 3 = -5*p. Let s(o) = 3 + o**3 + 0*o**2 + 2*o**3 + 0*o**2 + o**p - 2*o. What is the units digit of s(2)?
7
Suppose 0 = -5*o - 2*t, 3*o + 2*t = 2*o. What is the units digit of 2460/90 + o + 2/(-6)?
7
Let r(l) = -54*l + 114. What is the tens digit of r(-9)?
0
Let c = 377 - 223. What is the units digit of c?
4
What is the tens digit of (7 + (-4365)/(-6))*2?
6
Suppose -19*o + 8009 = -8236. What is the hundreds digit of o?
8
Suppose -10*z = 30*z - 61000. What is the tens digit of z?
2
What is the hundreds digit of 1/(32/40 + (-1007)/1265)?
2
Suppose 5*i + 10945 = 2*o, -29*i + 30*i = o - 5471. What is the tens digit of o?
7
Let a(h) = 7*h**3 - h**2 + 9*h + 5. What is the tens digit of a(4)?
7
Let a be 1*2*57/2. Let p be (-2*2/8)/((-4)/24). Suppose p*w + a = 3*m, 16 = -3*m - w + 89. What is the units digit of m?
3
Let v(d) be the second derivative of d**6/240 + d**5/60 - d**4/6 + 3*d. Let z(n) be the third derivative of v(n). What is the units digit of z(4)?
4
Let a = 322 - 73. What is the hundreds digit of a?
2
Let z = 996 + -514. What is the units digit of z?
2
Suppose 2 = -3*o - 4, 3*a - 29 = -2*o. Let g = a - 14. What is the units digit of (-38)/(-3*(-2)/g)?
9
Suppose 2*r - 4 = 0, -5*r + 18 - 6 = -w. Let l(d) = 37*d**2 + 3*d + 3. Let f be l(w). Suppose p = -4*p + 3*n + f, 3*n = 0. What is the tens digit of p?
2
Suppose 6*k - 8*k + 2 = 0, -3*k - 462 = -d. What is the hundreds digit of d?
4
Let j(f) be the second derivative of f**5/20 - f**4/12 - f**3/2 + f**2/2 - 5*f. Let w be j(2). What is the units digit of (w + 0)*(1 - 4)?
3
Let c(i) = i**3 + 4*i**2 - 1. Let l be c(-4). Let a(j) = -8*j**2 - 1. Let o be a(l). What is the units digit of -1 - 4/(12/o)?
2
What is the hundreds digit of 28/21*(-23049)/(-12)?
5
What is the hundreds digit of (-31784)/(-24) - (-8)/(-24)?
3
Let k(f) be the first derivative of -3*f**2 - 6*f - 5. Let q be k(-4). Suppose 54 = 2*w - 2*s, -4*w + q = -5*s - 94. What is the tens digit of w?
2
Let t(c) = 0 - 2 - 3*c - 1 + c**2 - 4*c**2 + 3*c**3. What is the tens digit of t(3)?
4
Let q = 923 + -493. Suppose -q = -4*k + 846. Suppose 0 = -6*z - 67 + k. What is the tens digit of z?
4
Let s(a) = a**2 + 7*a - 2. Let f be s(-7). Let u be (0 - 1) + f + 9. Let o = 32 + u. What is the units digit of o?
8
Let n be (-2 - -3) + -2 - 1. Let r be (-1)/(2/8*n). Suppose l - 2 = r. What is the units digit of l?
4
Suppose -40 = 3*u - 5*u. Suppose -3*o + u = -4*j, -3*j = j + 8. What is the units digit of (-369)/(-15) - o/(-10)?
5
Let f = 497 - 234. What is the tens digit of f?
6
Let v(b) = 21*b + 9. Suppose -7*g + 7 = -7. What is the tens digit of v(g)?
5
Let g(w) = -1 - 1 + 42*w - 3 - 1. What is the units digit of g(4)?
2
Suppose 0 = -55*b + 26*b + 84825. What is the units digit of b?
5
Let x = 3225 + -248. What is the hundreds digit of x?
9
Let i(a) = -5*a**2 + 3*a - 6. Let o be i(2). Let p be (o/(-20))/((-2)/4). Let x(j) = 7*j**2 + 4. What is the units digit of x(p)?
2
Let s = -495 + 1407. What is the units digit of s?
2
Let o(y) = 12*y**2 + 11*y + 2. Suppose 7*f - 4*f = 9. What is the hundreds digit of o(f)?
1
Let d be 4/(-36)*3 + 57/9. Suppose -d*g = -75 - 57. What is the units digit of g?
2
Let j be (-5 + 2 + -126)*-1. Let x = -94 + j. What is the tens digit of x?
3
Let p = 1043 - 703. What is the units digit of p?
0
Let g = 447 + -334. Let i be 3/(-1)*(-249)/9. Suppose i + g = 4*a. What is the units digit of a?
9
Suppose -7*s + 10*s = 303. Suppose -s = -4*z + 163. What is the tens digit of z?
6
Suppose 0 = 5*l + 4*c - 2425 - 4534, -4*l + 5567 = 3*c. What is the units digit of l?
1
What is the tens digit of (340/(-30))/((-4)/66)?
8
Let i = 2087 + -61. What is the thousands digit of i?
2
Let r(a) = 27*a - 35. Let l(n) = 41*n - 52. Let y(m) = -5*l(m) + 8*r(m). What is the tens digit of y(4)?
2
Let y = 4253 - 2295. What is the tens digit of y?
5
Suppose 1014*f = 1026*f - 1560. What is the hundreds digit of f?
1
Let y = -127 - -359. What is the hundreds digit of y?
2
Let a be (1 - 2)*0 + 77. Let n be (5694/(-234))/(((-10)/12)/5). Let m = n - a. What is the tens digit of m?
6
Let b(p) = -p**2 - 2*p + 30. Let t be b(5). Let o(g) = -2*g**3 - 3*g**2 + 7*g - 11. What is the units digit of o(t)?
9
Suppose -38*g = 10409 - 60645. What is the thousands digit of g?
1
Let u = -31 - -17. Let b(x) = -10*x - 26. What is the tens digit of b(u)?
1
Let a = 6 - 49. Let p = 15 - a. Suppose -5*d - 2*l + 138 = 0, 4*d = d + 5*l + p. What is the tens digit of d?
2
Suppose j + 961 = 5*k - 3*k, 0 = -2*j - 6. What is the hundreds digit of k?
4
Suppose -2*y - 3*y + 2*q + 638 = 0, -3*y + 398 = -5*q. What is the hundreds digit of y?
1
Suppose 0 = -2*z + 4*y - 2, 2*z + 22 = 6*z + 5*y. Suppose -2*q - z*x = 10 + 1, q + x + 4 = 0. What is the units digit of q/(-2*(-4)/(-56))?
7
Let h(k) = 3*k**2 + 5*k + 9. Let o(y) = y**3 + 5*y**2 - 3*y - 7. Let b be o(-5). Suppose 4*i - 3*r + 31 = -b*r, 3 = -r. What is the tens digit of h(i)?
3
Let s = -73 - -153. Suppose 2*u = -5*g + s, -2*g - 5*u + 0*u + 32 = 0. What is the units digit of g?
6
Let m(f) = 15*f + 6. Let w(z) = -z**2 - 7*z + 5. Let l be w(-7). What is the units digit of m(l)?
1
Suppose -14 = -6*i + 7*i. Let p be 3/(-1 + (-16)/i). Suppose -n + 166 = 4*u - p, -4*u + 189 = -n. What is the tens digit of u?
4
Suppose -2*q - 1326 = q. What is the units digit of (-2)/5 + q/(-5)?
8
Let h = -865 - -1291. Let f = h - 240. What is the hundreds digit of f?
1
Suppose 10234 = 12*s + 2*s. What is the units digit of s?
1
Suppose 486 = -3*g + 3*w, -4*w + 68 = -g - 97. Let u = 